161 and 18?
9
Calculate the greatest common factor of 59786 and 3938.
358
What is the highest common factor of 66430 and 5005?
455
What is the greatest common divisor of 1607363 and 6702?
1117
Calculate the greatest common factor of 375 and 94800.
75
Calculate the highest common factor of 712 and 3916.
356
What is the greatest common factor of 1451761 and 62?
31
What is the highest common factor of 2 and 3887?
1
Calculate the greatest common factor of 14779 and 5.
1
Calculate the highest common factor of 886000 and 800.
400
What is the highest common factor of 1260 and 35420?
140
What is the highest common factor of 17072 and 1056?
176
What is the highest common factor of 651 and 4309?
31
Calculate the greatest common factor of 128 and 101312.
64
Calculate the highest common divisor of 141939 and 168.
21
Calculate the greatest common divisor of 30499 and 35.
7
Calculate the greatest common divisor of 4 and 484940.
4
What is the greatest common divisor of 706506 and 48?
6
Calculate the greatest common divisor of 3375 and 7825.
25
Calculate the highest common divisor of 25098 and 16287.
267
What is the highest common factor of 268 and 4?
4
What is the highest common divisor of 882 and 3008943?
441
What is the highest common factor of 40836 and 10086?
246
What is the greatest common factor of 1027494 and 117?
117
What is the greatest common factor of 1879290 and 6270?
570
Calculate the highest common factor of 9 and 122622.
3
What is the highest common factor of 1617 and 2080001?
539
Calculate the greatest common divisor of 893156 and 25652.
2332
Calculate the greatest common divisor of 5103 and 2016.
63
Calculate the greatest common divisor of 14868 and 4779.
531
Calculate the highest common divisor of 185262 and 4010.
802
Calculate the highest common factor of 470 and 19646.
94
What is the greatest common factor of 2862 and 35616?
318
Calculate the greatest common divisor of 118 and 2674.
2
What is the highest common factor of 72 and 222?
6
What is the greatest common divisor of 3230 and 67490?
170
What is the greatest common factor of 39 and 57993?
39
Calculate the greatest common divisor of 39770 and 20090.
410
Calculate the highest common factor of 314 and 64.
2
Calculate the highest common factor of 159422 and 158.
158
Calculate the greatest common factor of 166873 and 14611.
769
Calculate the highest common divisor of 483 and 702282.
483
What is the greatest common divisor of 1602 and 219118?
178
What is the highest common factor of 3325 and 16093?
133
Calculate the greatest common divisor of 30728 and 1002.
334
What is the highest common divisor of 7 and 312088?
7
Calculate the highest common factor of 10703 and 1705669.
973
Calculate the greatest common factor of 710 and 9365.
5
What is the highest common factor of 708 and 30798?
354
What is the highest common divisor of 140424 and 24?
24
What is the greatest common divisor of 342 and 787626?
342
What is the highest common factor of 2280 and 537548?
76
What is the highest common factor of 1 and 2615?
1
What is the highest common factor of 16435 and 94285?
865
What is the greatest common factor of 25550 and 15050?
350
What is the highest common factor of 3110483 and 358?
179
Calculate the greatest common factor of 615 and 22875.
15
What is the highest common divisor of 20 and 839330?
10
What is the highest common factor of 39339 and 186?
93
Calculate the greatest common factor of 58400 and 150.
50
What is the highest common divisor of 20930 and 5705?
35
Calculate the highest common divisor of 629 and 11305.
17
What is the highest common divisor of 2967 and 23?
23
What is the highest common divisor of 1200 and 123150?
150
What is the highest common divisor of 35 and 34769?
7
What is the greatest common divisor of 42740 and 60?
20
What is the highest common divisor of 444432 and 2561?
197
Calculate the greatest common factor of 23729 and 27619.
389
Calculate the highest common factor of 37 and 12736547.
37
Calculate the highest common divisor of 104690 and 760.
190
What is the greatest common divisor of 9555 and 164787?
147
Calculate the greatest common divisor of 608 and 14706.
38
Calculate the highest common factor of 1625 and 3757.
13
Calculate the highest common factor of 7424 and 8.
8
Calculate the highest common factor of 80 and 408080.
80
Calculate the greatest common factor of 105 and 375.
15
Calculate the highest common factor of 108 and 51426.
18
What is the highest common factor of 12 and 350044?
4
Calculate the highest common factor of 35 and 96957.
7
Calculate the highest common factor of 1504 and 1097168.
752
What is the greatest common factor of 21 and 10311?
21
Calculate the greatest common divisor of 41790 and 525.
105
What is the greatest common factor of 14 and 28693?
7
Calculate the highest common divisor of 4342 and 3328.
26
Calculate the greatest common factor of 10 and 19326.
2
What is the greatest common divisor of 41722 and 3220?
46
What is the highest common factor of 55666 and 130?
26
What is the highest common divisor of 17 and 8891?
17
Calculate the greatest common factor of 150 and 75450.
150
What is the greatest common divisor of 129196 and 4?
4
What is the highest common divisor of 114 and 324159?
57
What is the greatest common divisor of 340 and 530?
10
Calculate the greatest common divisor of 64 and 412.
4
Calculate the greatest common divisor of 207 and 1127.
23
Calculate the highest common factor of 248 and 2280.
8
Calculate the highest common factor of 31779 and 837.
27
What is the highest common factor of 10899405 and 15?
15
Calculate the greatest common factor of 154645 and 157.
157
Calculate the highest common divisor of 8440 and 1090.
10
What is the highest common factor of 1124 and 373168?
1124
What is the greatest common divisor of 12702 and 114144?
174
What is the greatest common factor of 256 and 15232?
128
What is the highest common factor of 10417 and 66?
11
Calculate the greatest common factor of 63 and 496083.
21
Calculate the greatest common factor of 14092 and 260.
52
What is the highest common divisor of 14892349 and 101?
101
What is the greatest common factor of 1015273 and 602?
301
What is the greatest common factor of 30838 and 306?
34
Calculate the highest common divisor of 5751 and 288189.
639
What is the highest common factor of 28335 and 780?
15
What is the highest common divisor of 30691 and 246834?
653
What is the highest common factor of 620 and 25947?
31
What is the greatest common divisor of 2470083 and 357?
357
What is the greatest common factor of 65813 and 772?
193
What is the highest common factor of 880 and 486145?
55
Calculate the highest common divisor of 70611 and 12.
3
What is the highest common factor of 792 and 2826?
18
What is the greatest common factor of 85705 and 45?
5
What is the highest common factor of 428753 and 1677?
559
What is the highest common factor of 1189 and 899?
29
What is the highest common factor of 4016 and 5773?
251
What is the greatest common factor of 972 and 765?
9
What is the highest common divisor of 770 and 2519110?
110
Calculate the greatest common factor of 76806 and 12546.
306
Calculate the highest common factor of 33279 and 3.
3
Calculate the greatest common factor of 244 and 6283.
61
Calculate the highest common factor of 66440 and 128920.
440
What is the greatest common factor of 52 and 111631?
13
Calculate the highest common divisor of 28795 and 65.
65
Calculate the greatest common factor of 17 and 74749.
17
Calculate the greatest common divisor of 4024306 and 286.
286
What is the greatest common divisor of 552567 and 9?
3
Calculate the highest common factor of 76374 and 810.
18
Calculate the highest common factor of 6246 and 162.
18
What is the highest common divisor of 1177163 and 1612?
403
What is the highest common factor of 258 and 384162?
258
Calculate the highest common divisor of 26 and 551863.
13
What is the greatest common divisor of 40605 and 315?
15
Calculate the greatest common divisor of 5587 and 4440.
37
What is the highest common divisor of 4163 and 9982?
23
What is the highest common factor of 8 and 19672?
8
What is the greatest common divisor of 18 and 204192?
18
What is the greatest common factor of 5278 and 6552?
182
What is the highest common factor of 52 a